of 35668 and 592.
148
What is the highest common factor of 3084 and 10452?
12
What is the highest common divisor of 140 and 150325?
35
Calculate the greatest common divisor of 63 and 92995.
7
What is the greatest common divisor of 1120 and 6808480?
1120
What is the greatest common divisor of 17040 and 480?
240
What is the greatest common divisor of 17540 and 100?
20
What is the greatest common factor of 17484 and 10633?
31
What is the greatest common factor of 85 and 23115?
5
Calculate the highest common factor of 84 and 292812.
12
Calculate the greatest common factor of 378 and 9666.
54
Calculate the greatest common factor of 79118 and 117.
13
What is the greatest common divisor of 124 and 41571?
31
What is the greatest common factor of 10458 and 315?
63
Calculate the highest common factor of 4809 and 102363.
687
What is the greatest common factor of 39556 and 902?
22
What is the highest common factor of 1362290 and 276?
46
What is the highest common factor of 5921741 and 322?
161
Calculate the highest common divisor of 35 and 3471860.
35
What is the greatest common divisor of 312 and 11616?
24
What is the highest common factor of 1119216 and 28?
28
What is the highest common factor of 2025555 and 15?
15
Calculate the greatest common divisor of 9525 and 48768.
381
Calculate the greatest common factor of 264016 and 464.
464
What is the highest common factor of 87915 and 1275?
15
Calculate the highest common factor of 3185 and 26663.
91
What is the greatest common divisor of 125891 and 262?
131
What is the highest common divisor of 8051 and 581?
83
What is the greatest common factor of 368 and 13478?
46
What is the greatest common factor of 6770520 and 1080?
1080
Calculate the highest common divisor of 1790918 and 46.
46
What is the greatest common divisor of 586058 and 352?
22
What is the highest common factor of 189 and 58023?
189
What is the greatest common divisor of 83802 and 42?
6
What is the greatest common factor of 209 and 4367?
11
Calculate the highest common factor of 4 and 1946.
2
Calculate the greatest common factor of 15498 and 28.
14
What is the greatest common factor of 9596 and 5?
1
What is the greatest common factor of 185 and 5069?
37
What is the highest common factor of 12618528 and 12?
12
What is the greatest common divisor of 1255 and 1114942?
251
Calculate the greatest common factor of 21438 and 23868.
54
Calculate the highest common factor of 8090 and 90.
10
Calculate the highest common factor of 53703 and 884.
221
What is the highest common factor of 99 and 1971981?
99
Calculate the highest common factor of 213900 and 276.
276
Calculate the highest common divisor of 147 and 634697.
49
What is the highest common divisor of 18 and 246762?
18
Calculate the highest common factor of 1776 and 993228.
444
Calculate the greatest common divisor of 6489 and 513.
9
Calculate the highest common divisor of 794255 and 9240.
385
Calculate the highest common factor of 773055 and 11685.
615
What is the greatest common factor of 8 and 210776?
8
What is the highest common divisor of 27936 and 21600?
288
Calculate the highest common factor of 2696509 and 497.
71
What is the greatest common divisor of 4234 and 348?
58
What is the greatest common factor of 536 and 2704?
8
Calculate the highest common factor of 122671 and 61.
61
Calculate the highest common factor of 588 and 3110079.
147
Calculate the greatest common factor of 3808 and 31348.
68
What is the greatest common factor of 1244073 and 3?
3
What is the greatest common divisor of 59796 and 729?
9
Calculate the highest common factor of 49 and 19481.
7
What is the greatest common factor of 350 and 250012?
14
What is the greatest common factor of 85836 and 60?
12
Calculate the greatest common divisor of 6160 and 29680.
560
What is the highest common divisor of 3510 and 1430?
130
What is the greatest common factor of 2184 and 198?
6
What is the greatest common factor of 12383553 and 39?
39
Calculate the highest common divisor of 62320 and 912.
304
Calculate the greatest common divisor of 86933 and 77.
77
Calculate the greatest common factor of 148 and 35446.
74
What is the greatest common factor of 28 and 9625238?
14
What is the greatest common divisor of 50964 and 12?
12
Calculate the greatest common factor of 897 and 33672.
69
What is the greatest common factor of 14863 and 31951?
89
Calculate the greatest common factor of 619190 and 26.
26
Calculate the greatest common factor of 968 and 7502.
242
What is the greatest common factor of 81235 and 35?
35
What is the greatest common divisor of 184 and 4888512?
184
Calculate the highest common factor of 5517 and 126.
9
Calculate the highest common divisor of 181148 and 3496.
92
What is the highest common factor of 1792945 and 7?
7
Calculate the greatest common factor of 46 and 173903.
23
Calculate the greatest common divisor of 16541 and 612.
17
Calculate the highest common factor of 109879 and 77.
77
What is the greatest common divisor of 65355 and 1530?
15
Calculate the greatest common divisor of 1 and 46324.
1
Calculate the greatest common factor of 12 and 34548.
12
Calculate the highest common divisor of 78804 and 792.
396
What is the greatest common factor of 10140 and 3060?
60
Calculate the greatest common factor of 57 and 44612.
19
What is the greatest common factor of 6351 and 47067?
87
What is the highest common divisor of 540 and 106?
2
Calculate the greatest common factor of 147028 and 177.
59
What is the greatest common divisor of 70744 and 148?
148
Calculate the highest common factor of 1377 and 13617.
153
What is the greatest common factor of 633998 and 6902?
986
Calculate the greatest common divisor of 1416 and 788063.
59
Calculate the greatest common divisor of 855 and 816210.
45
Calculate the highest common factor of 6712 and 136.
8
What is the highest common factor of 1632 and 96?
96
What is the greatest common divisor of 4649 and 6?
1
What is the highest common divisor of 146939 and 8099?
1157
Calculate the highest common divisor of 76724 and 4.
4
What is the greatest common factor of 40280 and 38190?
190
Calculate the highest common factor of 50430 and 35.
5
What is the greatest common factor of 518 and 1351?
7
What is the greatest common divisor of 168551 and 41?
41
What is the greatest common factor of 424 and 80?
8
Calculate the highest common divisor of 122977 and 31.
31
What is the highest common factor of 1963 and 8723?
13
What is the greatest common factor of 14186046 and 14?
14
Calculate the highest common factor of 289061 and 316.
79
Calculate the highest common divisor of 967837 and 39.
13
Calculate the highest common factor of 3515114 and 38.
38
What is the highest common divisor of 4255 and 27715?
115
Calculate the greatest common factor of 98 and 78148.
14
What is the greatest common factor of 50208 and 96?
96
What is the greatest common divisor of 172 and 1080934?
86
Calculate the highest common factor of 56549 and 46001.
293
Calculate the greatest common factor of 95370 and 1650.
330
What is the greatest common factor of 2206 and 8466628?
2206
What is the greatest common factor of 850904 and 8?
8
Calculate the highest common factor of 918 and 117963.
459
Calculate the greatest common factor of 208785 and 465.
465
Calculate the greatest common factor of 1095 and 825.
15
What is the highest common divisor of 165 and 516417?
33
What is the greatest common factor of 416 and 35932?
52
What is the greatest common divisor of 6 and 11522514?
6
What is the highest common divisor of 7426 and 14194?
94
Calculate the highest common divisor of 9 and 88773.
3
What is the highest common divisor of 136 and 543?
1
What is the highest common divisor of 61536 and 480?
96
What is the highest common divisor of 94 and 769?
1
What is the highest common factor of 18410 and 280?
70
Calculate the highest common divisor of 5397 and 21.
21
What is the greatest common divisor of 109 and 3490?
1
What is the greatest common divisor of 9546 and 49278?
258
Calculate the greatest common factor of 1346215 and 278.
139
Calculate the highest common factor of 492926 and 70.
14
Calculate the greatest common factor of 780 and 35230.
130
What is the highest common divisor of 212030 and 35?
35
What is the highest common factor of 5842 and 6553